751 + 1?
-750
In base 15, what is 3d7 - 0?
3d7
In base 2, what is -1101010 - 10?
-1101100
In base 13, what is -1 - 99?
-9a
In base 7, what is 14 - -6122?
6136
In base 4, what is -2 + -20102?
-20110
In base 14, what is 65d + 2?
661
In base 3, what is 10 - 201?
-121
In base 14, what is 5 - -2066?
206b
In base 5, what is -1 + 2?
1
In base 6, what is -120 + 1532?
1412
In base 14, what is -7 + 12?
9
In base 13, what is 9 + -aca?
-ac1
In base 7, what is 222 + 0?
222
In base 15, what is -e + -114?
-123
In base 12, what is -3a - -14?
-26
In base 10, what is -11 + 155?
144
In base 8, what is 276 + -3?
273
In base 10, what is 43 - -4?
47
In base 13, what is 11 - -29?
3a
In base 8, what is 603 + -1?
602
In base 14, what is -16b + -2?
-16d
In base 9, what is 16 + 68?
85
In base 7, what is -2 + 324?
322
In base 4, what is -10 + -232?
-302
In base 6, what is 240554 + -1?
240553
In base 11, what is 35 + -209?
-184
In base 9, what is 68 - -124?
203
In base 14, what is -9 - 2?
-b
In base 5, what is -4 + 243?
234
In base 10, what is 42 - 0?
42
In base 3, what is -10 + -11200?
-11210
In base 4, what is 11 + 33?
110
In base 5, what is -10 + -1300?
-1310
In base 9, what is -10852 - -4?
-10847
In base 15, what is 8e96 - 3?
8e93
In base 10, what is 4 - -9?
13
In base 11, what is -4 + 13?
a
In base 3, what is -11020 + 12?
-11001
In base 3, what is 120 + 200021?
200211
In base 6, what is 533 - -5?
542
In base 11, what is 14 + 6?
1a
In base 16, what is 292 + 1?
293
In base 15, what is 65 + -9?
5b
In base 11, what is -1400 + 2?
-13a9
In base 14, what is -44d2 + -3?
-44d5
In base 9, what is -11532 - 1?
-11533
In base 7, what is 23303 + 1?
23304
In base 5, what is -34 + 10?
-24
In base 15, what is -3 - -9d6?
9d3
In base 13, what is 0 + 1c?
1c
In base 5, what is -1234 + 10?
-1224
In base 16, what is 22 - -1ef?
211
In base 7, what is -1 - 36305?
-36306
In base 12, what is -5 + 44a?
445
In base 8, what is -1045 + -2?
-1047
In base 9, what is 1242 + -17?
1224
In base 7, what is -110 - 4?
-114
In base 6, what is -132 + 3?
-125
In base 10, what is -22 + -159?
-181
In base 16, what is -22 + 37?
15
In base 12, what is -157 - 4?
-15b
In base 10, what is -5 - -7?
2
In base 9, what is -70 - -243?
163
In base 10, what is -4 - 212?
-216
In base 9, what is -280 - 6?
-286
In base 16, what is -9 - 1c?
-25
In base 14, what is -4 + -2a?
-30
In base 13, what is -43 + -6?
-49
In base 4, what is 211 - -1?
212
In base 10, what is -1 - 1761?
-1762
In base 7, what is -5 + -23?
-31
In base 16, what is -118d + 4?
-1189
In base 11, what is 80 + 0?
80
In base 7, what is 516 - 30?
456
In base 13, what is 58b + 5?
593
In base 5, what is 2 - -1432?
1434
In base 4, what is 23 + 2?
31
In base 7, what is 3624 + 0?
3624
In base 10, what is 8 - -114?
122
In base 2, what is 11000 + 1010111?
1101111
In base 11, what is 24 - 33?
-a
In base 8, what is 21016 + 2?
21020
In base 16, what is -a + -7?
-11
In base 10, what is 4 - -28?
32
In base 7, what is -2604 + -22?
-2626
In base 6, what is -42 + 12?
-30
In base 15, what is -4 + -1653?
-1657
In base 3, what is 121 - 200?
-2
In base 8, what is 3 - -305?
310
In base 8, what is 1126 - 2?
1124
In base 16, what is -5 - 766?
-76b
In base 4, what is -1 - -12102?
12101
In base 14, what is -34 - 28?
-5c
In base 15, what is -1 - c4?
-c5
In base 10, what is -82 - 3?
-85
In base 5, what is -4 - 311?
-320
In base 7, what is -12 - 342?
-354
In base 15, what is -1914 - -1?
-1913
In base 5, what is -111 - -31?
-30
In base 5, what is -12440 + 4?
-12431
In base 4, what is -1 + 12313?
12312
In base 15, what is 6b70 - 1?
6b6e
In base 10, what is -1 - 16?
-17
In base 10, what is -33 - 55?
-88
In base 11, what is -685 - -1?
-684
In base 13, what is 0 - -91?
91
In base 4, what is 0 + 330?
330
In base 10, what is 333 - -2?
335
In base 10, what is -2 - 1298?
-1300
In base 2, what is -110110 + -110011111?
-111010101
In base 12, what is -22 - -5?
-19
In base 8, what is -556 - 1?
-557
In base 10, what is 289 - 0?
289
In base 15, what is 0 + -4b6?
-4b6
In base 10, what is 182 + 26?
208
In base 8, what is 1 - 12000?
-11777
In base 16, what is -1 + -1a20?
-1a21
In base 15, what is 3 - 341?
-33d
In base 15, what is 6 + 3?
9
In base 2, what is 1000 + 1011011?
1100011
In base 13, what is 1 + 5c?
60
In base 13, what is -1168 + 4?
-1164
In base 3, what is 212 + -1211?
-222
In base 10, what is 5 + -150?
-145
In base 6, what is -10 - -1513?
1503
In base 14, what is 14 - 18?
-4
In base 8, what is -4 - 1353?
-1357
In base 2, what is -1111100 - 111?
-10000011
In base 9, what is 4733 - 5?
4727
In base 5, what is 41214 - 1?
41213
In base 15, what is 7 + -d8?
-d1
In base 6, what is -3 - -441?
434
In base 16, what is a8 - 50?
58
In base 11, what is 3 - 829?
-826
In base 8, what is -2 + -143?
-145
In base 15, what is -3e - -8?
-36
In base 8, what is 3 + -515?
-512
In base 14, what is 9a - -4?
a0
In base 16, what is -1b9 - 5?
-1be
In base 10, what is 2 - -36?
38
In base 8, what is 1176 + -2?
1174
In base 14, what is -4 - 2d9?
-2dd
In base 8, what is -3221 - -2?
-3217
In base 10, what is -5128 + -6?
-5134
In base 5, what is 1410 + -310?
1100
In base 15, what is -3 + -27bd?
-27c1
In base 12, what is -144 - 5?
-149
In base 15, what is -1b + 144?
128
In base 7, what is 4 + 3035?
3042
In base 16, what is 1 - 5d2?
-5d1
In base 16, what is -2c1 + -1?
-2c2
In base 10, what is -4 - -34?
30
In base 13, what is -637 - -5?
-632
In base 5, what is -234 - -4?
-230
In base 2, what is -110011 - 100000?
-1010011
In base 10, what is 1431 - -2?
1433
In base 3, what is 1 - 1000212?
-1000211
In base 2, what is -1101 + 1010001?
1000100
In base 8, what is -16730 + -1?
-16731
In base 8, what is -75 - 15?
-112
In base 3, what is 12 - -100221?
101010
In base 14, what is -2 - -418?
416
In base 5, what is 120 + -4?
111
In base 12, what is 28 - 12?
16
In base 7, what is 3 - -650?
653
In base 16, what is 7 + 2?
9
In base 4, what is 10 + -2011?
-2001
In base 10, what is -96 - 2?
-98
In base 11, what is -37 - -8?
-2a
In base 11, what is -7 - 36?
-42
In base 10, what is -2 + 113?
111
In base 15, what is -be - 2?
-c1
In base 7, what is 16530 - -1?
16531
In base 8, what is 323 - 1?
322
In base 6, what is -10522 - -3?
-10515
In base 13, what is 167 - -b?
175
In base 6, what is 411 + 42?
453
In base 2, what is 10 - -101010?
101100
In base 7, what is -2224 - -5?
-2216
In base 4, what is -103 + 12?
-31
In base 15, what is -58 + -3?
-5b
In base 13, what is -1c2 + -2?
-1c4
In base 12, what is 296 - -7?
2a1
In base 13, what is ab - -3?
b1
In base 13, what is 177 - -4?
17b
In base 8, what is 10273 - -2?
10275
In base 10, what is 69 + 3?
72
In base 7, what is 0 + -111?
-111
In base 15, what is -19e + -21?
-1c0
In base 14, what is 14 + -c6?
-b2
In base 12, what is 2 - 638?
-636
In base 11, what is 4 + -69?
-65
In base 15, what is -1 + 38?
37
In base 12, what is 4 - -958?
960
In base 10, what is 12 - -114?
126
In base 12, what is -13 - 8?
-1b
In base 12, what is 41 - 130?
-ab
In base 7, what is 3 - -14446?
14452
In base 3, what is 1 + -10021020?
-10021012
In base 16, what is 3 + 10?
13
In base 10, what is 1 - 48?
-47
In base 12, what is 83 + -2?
81
In base 2, what is -11 - -1100110100?
1100110001
In base 8, what is -102350 + 3?
-102345
In base 10, what is -3 - -561?
558
In base 13, what is -4 + -2340?
-2344
In base 9, what is 0 - 473?
-473
In base 13, what is -459 - -2?
-457
In base 8, what is 177 + -11?
166
In base 5, what is -114 + 1?
-113
In base 15, what is -4 - -1de?
1da
In base 16, what is 1 - -a6e?
a6f
In base 10, what is -5 + 206?
201
In base 3, what is -1222001 + 12?
-1221212
In base 16, what is 5 - -8?
d
In base 11, what is 13 - 25?
-12
In base 5, what is 3 - 1301?
-1243
In base 3, what is 1211 + -22?
1112
In base 6, what is -5 - -131?
122
In base 16, what is -36 - 1?
-37
In base 4, what is 31123 - 10?
31113
In base 2, what is 1010010 + -10?
1010000
In base 3, what is 22101 - 0?
22101
In base 8, what is 12 + 26?
40
In base 4, what is -100 - -312?
212
In base 11, what is 5 + 363?
368
In base 11, what is 4 + 100?
104
In base 7, what is -23 - 3?
-26
In base 14, what is -8 + 17c?
174
In base 12, what is 5 - -89?
92
In base 12, what is -5 - 32?
-37
In base 5, what is -24 + 201?
122
In base 13, what is 2b9 + 5?
2c1
In base 2, what is 1110 - 11000